tens digit of -1*3/(g/40)?
2
Let w(d) = d. Let r be w(4). Suppose r*m + 2*l + 2 = -0*m, -4*l = -5*m + 17. What is the units digit of m?
1
Let n(u) = u**2 + 7*u - 22. What is the units digit of n(-15)?
8
Let b be (-2 - 3)*27/(-3). Suppose 0 = -3*a - 6 + b. What is the tens digit of a?
1
Let v(a) = -a**3 - 3*a**2 - a - 1. Let x be v(-3). Suppose 3*c - d = -2*d + 136, 4*c - d = 172. Suppose x*y = 6*y - c. What is the tens digit of y?
1
Let b = -47 + 82. What is the units digit of b?
5
Suppose 2*g - 28 = 34. What is the units digit of g?
1
Suppose 35 = 5*g + v, -21 = -3*g - v - v. Let q = 9 - g. Suppose q*x - x = 3. What is the units digit of x?
3
Let s = -4 - -48. What is the units digit of s?
4
Let o(m) = m**2 - 7*m + 9. Suppose 5*f + 0*f - 30 = 0. Let x be f/((-1)/1 + 2). What is the units digit of o(x)?
3
Suppose -3*c + 174 = -0*c. What is the tens digit of c?
5
Suppose 16 + 5 = q. Suppose -q = -z + 3. What is the units digit of z?
4
Suppose -1 = -i + 10. What is the units digit of i?
1
Let t = 20 + -36. Let r be t/12*(-18)/4. Suppose 3*i - r = -h + 4, -i + h = -6. What is the units digit of i?
4
Suppose 0 = -2*v - 2*v. Suppose v*p = -p + 6. What is the units digit of p?
6
Let z(r) = 2*r - 10. Let c be z(7). Suppose k = c*k + 108. Let x = k - -51. What is the tens digit of x?
1
Suppose -297 = -6*a + 3*a + 3*q, -a + 2*q + 95 = 0. What is the hundreds digit of a?
1
Let t(n) = -n**2 - 5*n - 1. Let w be t(-5). Let y = 14 + w. What is the units digit of y?
3
Let q = 135 + -92. What is the tens digit of q?
4
Suppose 3*u + 22 = 4*p + u, -2*p + 14 = -2*u. What is the units digit of p/(-3)*(-3)/1?
4
Suppose n = -3*u - 16 + 42, -n - u = -30. What is the tens digit of n?
3
Let x(h) = 3*h**2 + 1. Let d be x(-1). Suppose -2*b + d*b - 8 = 0. Suppose 3*y - 2*j = 12 + 2, 0 = 4*y + j - b. What is the units digit of y?
2
Let a be ((108/(-3))/(-2))/2. Let y(w) = 2*w**2 - 4*w - 1. Let h be y(3). Suppose -4*d + a*d = h. What is the units digit of d?
1
Let m(d) = 23 - d - 23 - 2*d**3. What is the units digit of m(-1)?
3
Suppose 0 = 2*q + 1 + 3. What is the tens digit of ((-32)/8)/(q/8)?
1
Suppose a + s = 63, -370 = -4*a + s - 128. What is the units digit of a?
1
Let l(k) = 24*k**2 - k. Let t be l(-1). Suppose -3*s - 4*n = -17 - 16, -4*s = -n - t. Let r = s + -3. What is the units digit of r?
4
Suppose q - 43 = 5*k - 3*q, 0 = -4*q - 12. What is the units digit of (k/(-3))/(3/9)?
1
What is the tens digit of (1/1)/(-3*(-4)/708)?
5
Suppose 3*r = 2*t + 2*t - 42, 3*t + 3*r = 21. What is the units digit of t?
9
Suppose 11 + 8 = u. What is the units digit of u?
9
Suppose 5*j - 6 = 3*j. What is the units digit of j?
3
Suppose 3*f = -4*h + 3, 0 = -5*h - f - 0*f + 12. Suppose h*v + 8 = 4*v. What is the units digit of v?
8
Suppose 70 = 4*t - 2*v, t - 3*v - 7 = 3. What is the units digit of t?
9
Let p be 2 + -1 - (-3 + 2). Suppose 5*f - o = p*f + 18, 17 = 2*f + o. What is the units digit of f?
7
What is the tens digit of (-88)/3*(-33)/22?
4
Let j be -1*1 + (5 - 4). Let d = j - -1. What is the units digit of d?
1
Let m be 5 - 2/((-2)/1). What is the tens digit of m/(-21) + (-212)/(-7)?
3
Let k(h) = 5*h**3 - 1. Let l be k(-1). Let p(x) = -x - 4. What is the units digit of p(l)?
2
What is the units digit of 3/(-6)*(5 + -65)?
0
Let i = 1 - -15. Suppose 3*g + g = i. What is the units digit of g?
4
Let o = 28 - -18. What is the units digit of o?
6
Let r be 45/(-6) + 1/2. Let f(p) = p**2 - 8*p + 11. Let o(b) = -5*b**2 + 33*b - 45. Let s(x) = 9*f(x) + 2*o(x). What is the units digit of s(r)?
2
Let g = 9 - 11. What is the units digit of (1 + 2*g)/(-1)?
3
Let h = 0 + -4. Let y(s) = -s**3 - 4*s**2 - 4*s + 4. What is the units digit of y(h)?
0
Suppose -6*n = -n. Let x = -3 - n. Let f(q) = -3*q - 1. What is the units digit of f(x)?
8
Suppose 0*z + z = 0. Suppose z = 3*c + 2*u + 6, -13 = c + 3*u - 4. Suppose -2*r - r + 24 = c. What is the units digit of r?
8
Suppose -2*b = 3*b - 2*q - 71, 0 = -5*q + 10. Let s = b + -6. What is the units digit of s?
9
What is the hundreds digit of 201 - ((-1)/(-1))/(1/2)?
1
Let x(u) = 2*u**2 - 12*u + 29. What is the tens digit of x(9)?
8
Suppose 6*v - 4*v = -3*q + 1, 5*v + 20 = 0. What is the units digit of 321/9 + 1/q?
6
Suppose 0 = -5*h + 3*h - 2. Let c = h + 6. What is the units digit of c?
5
Let l = -180 - -303. What is the tens digit of l?
2
Let i(p) = p - 8. Let b(m) = -m**2 - 6*m - 3. Let s be b(-6). Let v(o) = 3. Let l(t) = s*i(t) - 8*v(t). What is the units digit of l(-1)?
3
Suppose -13 + 40 = 3*y. What is the units digit of ((-24)/y)/((-4)/18)?
2
Suppose -5*r - 4*i + 135 = 0, 2*i + 37 + 45 = 4*r. Let w = -7 - -20. Let p = r - w. What is the units digit of p?
0
Let m(j) = -j + 3. Let o(u) = u**2 + 1. Let h(v) = -m(v) + o(v). Let t be h(-3). Suppose a - 7 = l, 5*a + t*l = l + 3. What is the units digit of a?
3
Let u(k) = 36*k + 2. What is the units digit of u(1)?
8
Suppose 0*q - 90 = -5*q. Suppose r + 4 = q. What is the tens digit of r?
1
Suppose r + 4*t - 7 = 0, 3*t + 21 = r - 0*t. What is the tens digit of r?
1
Suppose 22*s - 2100 = 2*s. What is the hundreds digit of s?
1
Let a(s) = s**2 + 7*s + 2. Let v be a(-3). Let j be ((-2)/3)/(v/15). Suppose -5*y - j + 46 = 0. What is the units digit of y?
9
Suppose 0 = 4*d - 0*d - 168. What is the tens digit of d?
4
Suppose 1 - 9 = -4*i. Suppose 0 = i*w - 0*w - 8. Suppose -g - g + w = 0, -2*p + 3*g + 12 = 0. What is the units digit of p?
9
Suppose 2*k - 27 = -3*q, 0*q + 2*q - 26 = -4*k. Suppose -v - 4*i = -2*v + q, -67 = -5*v + 4*i. What is the tens digit of v?
1
Suppose 2*k - 111 + 23 = 0. Suppose -k = -2*z - 0*z. What is the tens digit of z?
2
Let j(h) = h**2 + 5*h + 7. Let m be j(-5). Let n(b) = -b + 16. Let z be n(11). Suppose z*l = m + 43. What is the tens digit of l?
1
Suppose -d - 1 + 20 = 0. Suppose -4*o = u - 2*o - d, 3*u = 3*o + 30. What is the units digit of u?
3
Suppose 5*z = t + 4*t + 165, 4*z + t - 142 = 0. What is the tens digit of z?
3
Let c(m) = m**2 + 11*m - 8. Let a be c(-12). Suppose d = -4*k + 38, 2*d - a*k + k = 65. What is the units digit of d?
4
Let d(l) be the first derivative of 2*l**3/3 - l**2/2 + 7*l + 3. Let g be d(5). Suppose -p = 0, -4*m - 2*p + p = -g. What is the tens digit of m?
1
Let k be (1/4)/(2/16). Suppose g + 0*q = -2*q + 22, -53 = -k*g + 5*q. What is the tens digit of g?
2
Let z be 2 - 19 - 0/3. Suppose -o + y = -35, -2*o + 173 = 3*o - 4*y. Let q = o + z. What is the units digit of q?
6
Suppose 0 = -4*x + j + 12, 2*x + 4*j + 13 - 1 = 0. Suppose 35 = x*m - 27. What is the units digit of m?
1
Let p = 228 + -136. What is the tens digit of p?
9
What is the hundreds digit of 93/1*(-16)/(-12)?
1
What is the tens digit of 106/2 - (-3)/(6/(-6))?
5
Suppose -g - 2 = g, -3*g - 202 = -c. What is the hundreds digit of c?
1
Suppose -16 = 2*q - 22. What is the units digit of q?
3
Let p be 99/6 - (-1)/2. Let n(g) = -7*g**2 - g. Let d be n(-1). Let b = d + p. What is the units digit of b?
1
Suppose a = 5*b - 31, 10 - 37 = 2*a - 3*b. What is the tens digit of 134/6 + 2/a?
2
Suppose -l = -0*l - 29. Suppose 3*j - 103 = 4*w, 5*j + l = -2*w + 10. What is the units digit of (-246)/w - 8/44?
1
Suppose 0 = -4*r - 2*n + 36, 5*r + n - 51 = -0*n. Suppose 0 = 3*j - 13 - r. What is the units digit of j?
8
Let c(s) = 6*s**2 - 27*s + 6. What is the units digit of c(5)?
1
Let j(f) = 2*f**3 + f**2 - 2*f - 3. Let o be j(3). Suppose 2*p + p = o. What is the units digit of p?
8
Let b(i) = -2*i - 2*i + i - 9. Let r be (-2 - -1)/((-2)/(-12)). What is the units digit of b(r)?
9
Let b(y) = y**3 + 2*y - 1. Suppose 0 = -3*l - 5*m - 2, 5*l + 3*m = -2*m. Let o be b(l). Suppose 0*s = o*s - 12. What is the units digit of s?
6
Suppose 3*l + 0 = -2*q + 12, 0 = -q + 4*l + 28. What is the units digit of q?
2
Let m(s) = -75*s**3 - 2*s**2 - 4*s - 2. What is the tens digit of m(-1)?
7
Let k(q) = -q**2 - 4*q + 1. Let n be k(-3). Suppose -n*l + 58 = -6. What is the units digit of l?
6
Let p = -175 - -337. What is the tens digit of p?
6
Suppose -5*n + 22 = 2*i - 43, -13 = -n + 2*i. What is the units digit of n?
3
Suppose -2*m + 67 = -u - 2*u, -4*m + 3*u = -149. Let w = 58 - m. What is the tens digit of w?
1
Let p = 38 + 26. What is the tens digit of p?
6
Let u = -7 - -1. Let a(k) = -k**3 - 5*k**2 + 7*k + 8. What is the 